of 630 and p?
42
Let n = -1730113 - -1730189. Suppose 2*i = 52 + 64. Let m be (-2)/6 + i/3. What is the greatest common factor of n and m?
19
Let b(d) = -133*d + 68 - 21 - 32. Let j be b(-5). Suppose 4*z - 1036 - j = 0. What is the greatest common divisor of 39 and z?
39
Let h = -22 + 19. Let q(k) = -85*k + 1. Let m be q(h). Suppose 4*d - 10*d + 192 = 0. Calculate the highest common factor of d and m.
32
Let i be 12/(54/9 + -8). Let m(b) be the first derivative of -9*b**2/2 + 6*b - 1. Let t be m(i). What is the greatest common factor of 24 and t?
12
Let l(t) = -t + 10. Let s be l(5). Let m be (s - 6) + (-90 - 0)/(-2). Calculate the highest common divisor of 396 and m.
44
Suppose -17*t + 25*t = 0. Suppose t*x + 3*x - 72 = 0. What is the greatest common divisor of x and 104?
8
Let k be 187827/1918*208/6 - 2/(-14). Calculate the highest common divisor of 291 and k.
97
Let n(r) = 149*r - 3382. Let b be n(24). Calculate the greatest common factor of 1067 and b.
97
Suppose -3*v + 1823 = 5*j, -6*j + 2*j + 9*v + 1447 = 0. Calculate the greatest common divisor of j and 1612.
52
Suppose 19*k + 6853 = 30*k. What is the greatest common factor of k and 7?
7
Let q(j) = 4*j**2 - 4*j - 2. Let k be q(2). Suppose 15*f + 2025 = k*f. Let t = 344 + f. What is the greatest common divisor of t and 7?
7
Let b(o) = o**3 - o**2 - o + 49. Let k be b(0). Let d(l) = 0 + 556*l - 546*l + 2 - 5. Let v be d(1). What is the highest common factor of k and v?
7
Suppose 67 - 43 = 6*x. Let y(m) = -6*m + 25. Let a be y(x). Let r(w) = 68*w + 2. Let l be r(a). What is the greatest common divisor of l and 10?
10
Let p be 6/180*-3 - 74815/(-650). Calculate the greatest common divisor of 26335 and p.
115
Suppose -72 = -25*m - 772. Let t be 247 - m/(-6 - -2). What is the highest common factor of 144 and t?
48
Let u = -15329 + 15419. Calculate the highest common divisor of 275 and u.
5
Suppose -2*r = 3*q - 108, 2*r - 3*q - 145 = -37. Calculate the greatest common factor of 606 and r.
6
Let i(w) = 36*w**2 - 4*w - 3. Let f be (-60)/8 + (-2)/4. Let t be (f + 7)/(0 + 1). Let r be i(t). What is the highest common factor of r and 333?
37
Let c be 13526/14 - ((-130)/70 - -2). Suppose 0 = -24*u + u + c. What is the highest common factor of 126 and u?
42
Let s be (-4941)/183*(-14)/6. What is the greatest common factor of 84 and s?
21
Let n = -280 + 279. Let x be (-10)/((-3 - (n - 5)) + -4). Calculate the greatest common factor of x and 310.
10
Suppose -3*x = -q - 7, 5*x - 9 + 0 = 3*q. Suppose -27 + q = -5*f. Let a be (-13*(-1)/f - 3)*-390. Calculate the highest common factor of a and 12.
12
Suppose -729*z = -93*z - 2700 - 2388. Calculate the highest common factor of z and 1692.
4
Suppose 6*j - 51 = -9. Let c(i) = -2*i**2 - 26*i + 14. Let a be c(-12). Let f = 101 - a. What is the highest common divisor of j and f?
7
Let w(z) = 7*z - 23. Let j be w(4). Let o be (135/(-18) - j)/((-1)/4). What is the highest common factor of 160 and o?
10
Let t = -2205 + 3357. What is the highest common factor of 18 and t?
18
Let y(i) be the third derivative of i**5/60 + 14*i**3/3 + 24*i**2 + i. Let u be y(7). Calculate the highest common divisor of 77 and u.
77
Suppose -5*r + 25 = 45, 50544 = 4*m + 4*r. Calculate the highest common divisor of m and 40.
40
Suppose -8*f = -4*t + 2752, -6*t + 9*t = -3*f + 2118. What is the highest common factor of t and 294?
14
Suppose 0 = -r + 33*r - 1920. Let p = -624 - -1074. What is the greatest common divisor of r and p?
30
Let r(c) = -c**2 + 4*c + 63*c**3 + 259*c**3 - 125*c**3 - 3 + 31*c**3 + 412*c**3. Let l be r(1). What is the highest common divisor of 10 and l?
10
Let v(q) = q**2 + 135*q + 3082. Let c be v(0). What is the highest common factor of c and 92?
46
Suppose 0 = 99*q - 203038 - 793298. What is the greatest common factor of q and 408?
136
Let m = 302 + 30. Suppose -m = -i - 4*z, 5*i + z - 6*z - 1710 = 0. Calculate the highest common factor of i and 20.
20
Let i = -3586 - -3670. What is the highest common divisor of 980 and i?
28
Let i(b) = -2*b + 12. Let g be i(-10). Let l be 22/26 - g/(-208). Let k be 2 + (2/(-8) - (-50)/40). Calculate the greatest common divisor of k and l.
1
Let m(j) = 2*j**2 - 17*j + 713. Let h be m(0). Calculate the greatest common divisor of 31 and h.
31
Suppose 4*g - g = 168. Let o = g - 38. Let k be (-1)/(2/(-108))*10/20. Calculate the greatest common factor of o and k.
9
Let y(s) = -2*s**3 + 55*s**2 + 153*s - 58. Let i be y(30). Calculate the highest common factor of 5 and i.
1
Suppose 242 = -8*n + 290. Let t be ((-10)/n)/(1/(-78)). What is the highest common divisor of t and 30?
10
Let t be (0 - 8)/2 + -1 + 35. What is the greatest common divisor of t and 95?
5
Suppose -5*s = -3*i + 69, 10*i - 3*s - 31 = 9*i. Calculate the highest common factor of 2509 and i.
13
Let k be (14 - 13)/((-1)/(-795)). Let d(g) = 65*g + 470. Let i be d(-7). What is the highest common factor of k and i?
15
Let m = -713 + 1769. Suppose -62*h + m = -59*h. Calculate the highest common factor of h and 32.
32
Let d be 1920/5*40/15. Suppose 4*l - d = 1796. Calculate the greatest common factor of 15 and l.
15
Let r = -24 - -31. Let d be ((-1)/r)/(1/(-7)). Suppose 4*p + 23 = 27. Calculate the greatest common factor of p and d.
1
Suppose 0 = -4*w - 2*c + 452, -493 = -7*w + 3*c + 259. What is the greatest common factor of w and 2156?
22
Suppose 0 = -2*j - t + 555, 1783*j - 1778*j - 3*t - 1437 = 0. Calculate the greatest common divisor of j and 1081.
47
Let c be -6 + 11/(99/54). Suppose 4*v - 1076 = 4*x, 45*x - 44*x - 1 = c. What is the greatest common divisor of 180 and v?
90
Let i = -6068 - -6125. What is the highest common divisor of i and 399?
57
Let t = 2 + 2. Suppose 4*k + 3 = -u, 2*k - 34 = -2*u + t*k. Let v be -1 - -68 - (3 + (-2)/2). What is the highest common divisor of u and v?
13
Let m(i) = i**3 + 47*i**2 - 840*i + 27. Let z be m(-60). Calculate the highest common factor of 234 and z.
117
Let r(f) = 5*f**2 + 252*f - 2373. Let t be r(9). What is the highest common factor of 8775 and t?
75
Suppose -40*v - 20*v = -29*v - 121365. What is the highest common factor of 1215 and v?
135
Let c(s) = 16*s - 82. Let x be c(16). Let p = 262 - x. What is the highest common factor of p and 11?
11
Let z be (-182)/(-16) + (-6)/16. Suppose z*n = 10*n + 1. Let j be (n + 101)/3 - -1. Calculate the greatest common factor of j and 7.
7
Let q be 5 - 12/18*6. Let p = 60 + -53. Suppose -p = 5*f - 17. Calculate the greatest common factor of q and f.
1
Let r be (-2)/(-3)*-3 + (-11985)/(-3). Calculate the greatest common divisor of r and 33.
33
Suppose -49 = -4*l - 241. Let m = 238 + l. Calculate the highest common factor of 10 and m.
10
Let n be (180*(-2 + 1) + 0)/(9/(-138)). What is the highest common divisor of n and 120?
120
Suppose 16 = -2*y - 10. Let a = -8 - y. Suppose 2*p + 80 = a*p + 2*l, 0 = -4*p - 3*l + 105. What is the highest common factor of p and 90?
30
Suppose -582*f + 611*f = 464. Calculate the highest common divisor of f and 672.
16
Let a = -578 + 814. Let l = a - 215. Calculate the highest common divisor of l and 63.
21
Let h be 3 - ((-9)/(-63)*0 - 55). Let c = 274 - 158. What is the highest common factor of h and c?
58
Let u be 14 - (-8 - (-3 + 9)). What is the highest common divisor of 490 and u?
14
Let s(x) = 15*x + 5. Let n be s(4). Suppose 100*l = 101*l - 10. Calculate the highest common factor of n and l.
5
Let q(m) = -m**3 - 52*m**2 + 214*m - 182. Let l be q(-56). Calculate the highest common divisor of 287 and l.
7
Suppose 2*o - 86696 = -89*s + 93*s, 4*o - 4*s - 173408 = 0. What is the highest common divisor of 12 and o?
12
Suppose 35*c - 81*c - 184*c + 1632540 = 0. What is the greatest common factor of 42 and c?
42
Let f(q) = -60*q + 132. Let x be f(-5). Let w = x + -408. Calculate the highest common factor of w and 48.
24
Suppose 0 = f + 3*f - 1008. Suppose 366*z - 35234 = -994*z + 13726. Calculate the highest common divisor of f and z.
36
Suppose -70 = 3*v - 4*l, 4*v + 3*l = 74 - 184. Let x = v + 31. Suppose 0 = x*y + 3*p - 42, 3*y + p = -0*y + 22. Calculate the highest common divisor of y and 4.
2
Suppose 0*v = 9*v - 693. Let y(j) = 2*j**2 + j + 9. Let p be y(6). Let g = p - v. Calculate the greatest common divisor of 50 and g.
10
Suppose 6268 = 7*t - 466. Wha